ten thousands digit of 5312599?
1
What is the hundreds digit of 72386?
3
What is the hundreds digit of 2229919?
9
What is the hundreds digit of 206796?
7
What is the units digit of 1915555?
5
What is the hundred thousands digit of 218579?
2
What is the millions digit of 2176934?
2
What is the thousands digit of 13860914?
0
What is the thousands digit of 561429?
1
What is the hundred thousands digit of 1095532?
0
What is the ten thousands digit of 189408?
8
What is the hundred thousands digit of 658891?
6
What is the hundreds digit of 158287?
2
What is the millions digit of 2369795?
2
What is the hundreds digit of 912150?
1
What is the hundreds digit of 247364?
3
What is the hundred thousands digit of 28985895?
9
What is the tens digit of 319662?
6
What is the hundred thousands digit of 4227130?
2
What is the tens digit of 911494?
9
What is the ten thousands digit of 425861?
2
What is the ten thousands digit of 5925163?
2
What is the units digit of 132139?
9
What is the hundreds digit of 190906?
9
What is the ten millions digit of 12672616?
1
What is the units digit of 1004856?
6
What is the millions digit of 4904784?
4
What is the hundreds digit of 5198285?
2
What is the hundred thousands digit of 1027285?
0
What is the ten thousands digit of 72281?
7
What is the ten millions digit of 10593145?
1
What is the hundreds digit of 36240?
2
What is the hundreds digit of 58889?
8
What is the units digit of 298067?
7
What is the hundred thousands digit of 6198670?
1
What is the hundred thousands digit of 3177555?
1
What is the tens digit of 598968?
6
What is the tens digit of 828940?
4
What is the hundreds digit of 272185?
1
What is the hundreds digit of 3352880?
8
What is the tens digit of 1845712?
1
What is the units digit of 1950619?
9
What is the units digit of 945219?
9
What is the millions digit of 1059004?
1
What is the millions digit of 39936011?
9
What is the hundreds digit of 336531?
5
What is the hundred thousands digit of 6518935?
5
What is the ten thousands digit of 38569?
3
What is the hundred thousands digit of 3322001?
3
What is the ten thousands digit of 4545975?
4
What is the thousands digit of 267671?
7
What is the hundreds digit of 100827?
8
What is the hundred thousands digit of 2558752?
5
What is the thousands digit of 701902?
1
What is the hundreds digit of 156905?
9
What is the hundreds digit of 12673740?
7
What is the thousands digit of 68182?
8
What is the thousands digit of 541151?
1
What is the hundred thousands digit of 865657?
8
What is the ten millions digit of 19297486?
1
What is the units digit of 266348?
8
What is the millions digit of 9931872?
9
What is the hundreds digit of 576767?
7
What is the units digit of 24462992?
2
What is the hundred thousands digit of 547835?
5
What is the millions digit of 32442363?
2
What is the hundreds digit of 405577?
5
What is the hundreds digit of 1422562?
5
What is the ten millions digit of 26140333?
2
What is the ten thousands digit of 77880?
7
What is the hundreds digit of 15855269?
2
What is the tens digit of 347099?
9
What is the hundreds digit of 453879?
8
What is the hundreds digit of 59553?
5
What is the hundreds digit of 1651177?
1
What is the millions digit of 7765056?
7
What is the ten thousands digit of 255946?
5
What is the thousands digit of 1123466?
3
What is the units digit of 450648?
8
What is the hundred thousands digit of 14511719?
5
What is the tens digit of 334334?
3
What is the hundred thousands digit of 1321448?
3
What is the hundreds digit of 359209?
2
What is the thousands digit of 150803?
0
What is the millions digit of 27457991?
7
What is the hundred thousands digit of 6437677?
4
What is the hundreds digit of 12915484?
4
What is the ten thousands digit of 131253?
3
What is the hundred thousands digit of 2475139?
4
What is the units digit of 276738?
8
What is the hundreds digit of 2223185?
1
What is the thousands digit of 6290646?
0
What is the ten thousands digit of 31435553?
3
What is the units digit of 187645?
5
What is the ten thousands digit of 13172379?
7
What is the thousands digit of 320257?
0
What is the millions digit of 11916745?
1
What is the units digit of 11082475?
5
What is the hundreds digit of 1134608?
6
What is the units digit of 182470?
0
What is the hundred thousands digit of 1739323?
7
What is the units digit of 1406012?
2
What is the thousands digit of 37848?
7
What is the thousands digit of 3274756?
4
What is the tens digit of 413141?
4
What is the thousands digit of 63266?
3
What is the thousands digit of 136984?
6
What is the units digit of 1213702?
2
What is the hundreds digit of 11444408?
4
What is the hundred thousands digit of 2090239?
0
What is the tens digit of 6394252?
5
What is the thousands digit of 1757779?
7
What is the ten thousands digit of 1500728?
0
What is the hundreds digit of 32662?
6
What is the millions digit of 9048636?
9
What is the hundreds digit of 4971787?
7
What is the thousands digit of 70014?
0
What is the ten thousands digit of 152377?
5
What is the units digit of 1224019?
9
What is the tens digit of 612356?
5
What is the units digit of 2364452?
2
What is the millions digit of 3845859?
3
What is the tens digit of 424719?
1
What is the millions digit of 10968336?
0
What is the millions digit of 2514687?
2
What is the tens digit of 301807?
0
What is the thousands digit of 78418?
8
What is the units digit of 3428239?
9
What is the ten thousands digit of 7752540?
5
What is the hundred thousands digit of 2184849?
1
What is the thousands digit of 162194?
2
What is the ten thousands digit of 5752156?
5
What is the ten thousands digit of 13742477?
4
What is the thousands digit of 2008559?
8
What is the thousands digit of 353826?
3
What is the millions digit of 8780758?
8
What is the ten thousands digit of 666317?
6
What is the hundreds digit of 5812456?
4
What is the thousands digit of 1164297?
4
What is the hundreds digit of 27535115?
1
What is the units digit of 853705?
5
What is the tens digit of 19904030?
3
What is the thousands digit of 33808?
3
What is the hundreds digit of 251418?
4
What is the hundred thousands digit of 15748346?
7
What is the units digit of 3037530?
0
What is the hundred thousands digit of 404523?
4
What is the ten thousands digit of 6686239?
8
What is the hundred thousands digit of 531543?
5
What is the millions digit of 11504515?
1
What is the ten thousands digit of 389009?
8
What is the tens digit of 21894998?
9
What is the ten thousands digit of 10095096?
9
What is the hundreds digit of 688995?
9
What is the ten thousands digit of 150308?
5
What is the hundred thousands digit of 103752?
1
What is the millions digit of 2741850?
2
What is the thousands digit of 3270209?
0
What is the units digit of 2043795?
5
What is the hundreds digit of 8424886?
8
What is the ten thousands digit of 411529?
1
What is the millions digit of 8183517?
8
What is the millions digit of 2760848?
2
What is the tens digit of 1701378?
7
What is the tens digit of 255136?
3
What is the ten thousands digit of 1634479?
3
What is the hundreds digit of 1849970?
9
What is the thousands digit of 2606596?
6
What is the hundred thousands digit of 300322?
3
What is the ten thousands digit of 4698939?
9
What is the thousands digit of 3752145?
2
What is the ten thousands digit of 345581?
4
What is the units digit of 2074598?
8
What is the thousands digit of 151326?
1
What is the thousands digit of 8762141?
2
What is the hundreds digit of 546794?
7
What is the tens digit of 457116?
1
What is the hundred thousands digit of 304720?
3
What is the tens digit of 87526?
2
What is the millions digit of 12725088?
2
What is the hundred thousands digit of 7467290?
4
What is the hundred thousands digit of 5315348?
3
What is the ten thousands digit of 1178871?
7
What is the hundreds digit of 549867?
8
What is the thousands digit of 1830910?
0
What is the tens digit of 24385781?
8
What is the tens digit of 4141936?
3
What is the units digit of 93539?
9
What is the ten thousands digit of 4101626?
0
What is the millions digit of 3569575?
3
What is the ten thousands digit of 13927105?
2
What is the units digit of 5324?
4
What is the units digit of 30348070?
0
What is the thousands digit of 272982?
2
What is the units digit of 778162?
2
